767?
1
What is the ten thousands digit of 185942?
8
What is the millions digit of 1692078?
1
What is the hundred thousands digit of 4143468?
1
What is the ten thousands digit of 15944399?
4
What is the millions digit of 1992327?
1
What is the ten millions digit of 11519831?
1
What is the thousands digit of 166632?
6
What is the hundred thousands digit of 600348?
6
What is the thousands digit of 52426?
2
What is the hundreds digit of 2647848?
8
What is the ten thousands digit of 6252781?
5
What is the tens digit of 241211?
1
What is the hundred thousands digit of 282938?
2
What is the units digit of 901053?
3
What is the units digit of 861408?
8
What is the ten millions digit of 27438955?
2
What is the hundred thousands digit of 294883?
2
What is the hundred thousands digit of 737173?
7
What is the hundred thousands digit of 117336?
1
What is the hundred thousands digit of 7028168?
0
What is the tens digit of 5297912?
1
What is the hundred thousands digit of 556220?
5
What is the tens digit of 852760?
6
What is the tens digit of 1005597?
9
What is the thousands digit of 1767982?
7
What is the hundred thousands digit of 4681571?
6
What is the units digit of 4222520?
0
What is the hundred thousands digit of 8676252?
6
What is the thousands digit of 730007?
0
What is the millions digit of 3179344?
3
What is the tens digit of 1149806?
0
What is the ten thousands digit of 733225?
3
What is the units digit of 15549539?
9
What is the units digit of 1237124?
4
What is the tens digit of 8116698?
9
What is the thousands digit of 1507316?
7
What is the ten thousands digit of 74882?
7
What is the thousands digit of 5900266?
0
What is the thousands digit of 1057055?
7
What is the hundreds digit of 8159546?
5
What is the tens digit of 1136043?
4
What is the ten thousands digit of 192159?
9
What is the millions digit of 1006033?
1
What is the tens digit of 3169749?
4
What is the millions digit of 3258926?
3
What is the hundreds digit of 38255?
2
What is the thousands digit of 11027000?
7
What is the hundred thousands digit of 8619630?
6
What is the thousands digit of 200997?
0
What is the tens digit of 293370?
7
What is the thousands digit of 1286761?
6
What is the units digit of 523211?
1
What is the hundreds digit of 43196?
1
What is the millions digit of 4094179?
4
What is the millions digit of 10532527?
0
What is the ten thousands digit of 327447?
2
What is the units digit of 623440?
0
What is the hundred thousands digit of 1846517?
8
What is the hundreds digit of 47438?
4
What is the hundreds digit of 846049?
0
What is the tens digit of 43690?
9
What is the tens digit of 108200?
0
What is the thousands digit of 26252620?
2
What is the thousands digit of 2215676?
5
What is the hundred thousands digit of 3732809?
7
What is the ten thousands digit of 5860451?
6
What is the tens digit of 8554558?
5
What is the units digit of 876397?
7
What is the hundred thousands digit of 4424896?
4
What is the thousands digit of 20428080?
8
What is the thousands digit of 18066258?
6
What is the hundred thousands digit of 652805?
6
What is the millions digit of 24444204?
4
What is the hundreds digit of 243521?
5
What is the hundreds digit of 17789?
7
What is the hundred thousands digit of 140818?
1
What is the thousands digit of 5032232?
2
What is the thousands digit of 4460597?
0
What is the thousands digit of 383830?
3
What is the hundred thousands digit of 4114792?
1
What is the ten thousands digit of 9298054?
9
What is the hundred thousands digit of 900642?
9
What is the ten thousands digit of 617799?
1
What is the hundreds digit of 180447?
4
What is the ten thousands digit of 1096863?
9
What is the thousands digit of 588949?
8
What is the thousands digit of 577935?
7
What is the tens digit of 3167762?
6
What is the hundreds digit of 4804395?
3
What is the ten thousands digit of 323845?
2
What is the units digit of 77143?
3
What is the thousands digit of 21330172?
0
What is the millions digit of 4727065?
4
What is the ten thousands digit of 99816?
9
What is the hundred thousands digit of 1505288?
5
What is the ten thousands digit of 2036964?
3
What is the hundreds digit of 833349?
3
What is the ten thousands digit of 4051821?
5
What is the units digit of 279979?
9
What is the hundred thousands digit of 1091841?
0
What is the ten thousands digit of 65993?
6
What is the ten thousands digit of 52580?
5
What is the hundred thousands digit of 23773180?
7
What is the hundred thousands digit of 3346048?
3
What is the thousands digit of 682876?
2
What is the hundred thousands digit of 231649?
2
What is the units digit of 211480?
0
What is the hundred thousands digit of 137625?
1
What is the ten thousands digit of 36786?
3
What is the ten thousands digit of 4383761?
8
What is the tens digit of 470228?
2
What is the hundred thousands digit of 6460989?
4
What is the millions digit of 1090538?
1
What is the thousands digit of 3627575?
7
What is the tens digit of 1982?
8
What is the tens digit of 63249?
4
What is the thousands digit of 590359?
0
What is the hundred thousands digit of 417530?
4
What is the hundreds digit of 869227?
2
What is the ten thousands digit of 874181?
7
What is the thousands digit of 76260?
6
What is the ten thousands digit of 1207465?
0
What is the ten thousands digit of 1074572?
7
What is the ten thousands digit of 9537437?
3
What is the thousands digit of 225723?
5
What is the ten thousands digit of 4660497?
6
What is the thousands digit of 4920738?
0
What is the ten thousands digit of 265036?
6
What is the hundreds digit of 6998403?
4
What is the units digit of 3382422?
2
What is the thousands digit of 5505372?
5
What is the ten thousands digit of 5931380?
3
What is the hundred thousands digit of 420498?
4
What is the thousands digit of 351027?
1
What is the ten millions digit of 10439574?
1
What is the hundred thousands digit of 1299400?
2
What is the tens digit of 3370340?
4
What is the hundred thousands digit of 1296195?
2
What is the tens digit of 939775?
7
What is the ten thousands digit of 115721?
1
What is the hundreds digit of 17439736?
7
What is the millions digit of 1809713?
1
What is the hundreds digit of 147258?
2
What is the hundred thousands digit of 534746?
5
What is the tens digit of 280686?
8
What is the tens digit of 2298479?
7
What is the thousands digit of 482696?
2
What is the ten millions digit of 13684234?
1
What is the hundred thousands digit of 190483?
1
What is the tens digit of 83065?
6
What is the ten thousands digit of 1012736?
1
What is the millions digit of 6096962?
6
What is the hundreds digit of 59403?
4
What is the thousands digit of 1093455?
3
What is the thousands digit of 50954?
0
What is the hundreds digit of 180926?
9
What is the tens digit of 25124779?
7
What is the units digit of 35706?
6
What is the hundred thousands digit of 126654?
1
What is the units digit of 175232?
2
What is the hundred thousands digit of 1939884?
9
What is the tens digit of 7997864?
6
What is the units digit of 295501?
1
What is the ten thousands digit of 186581?
8
What is the units digit of 657389?
9
What is the hundred thousands digit of 375224?
3
What is the units digit of 17447155?
5
What is the tens digit of 588128?
2
What is the millions digit of 5890917?
5
What is the units digit of 221728?
8
What is the units digit of 379638?
8
What is the units digit of 322061?
1
What is the ten thousands digit of 5903396?
0
What is the ten thousands digit of 25101?
2
What is the ten thousands digit of 1169944?
6
What is the units digit of 433?
3
What is the hundreds digit of 16683075?
0
What is the units digit of 188273?
3
What is the units digit of 161203?
3
What is the tens digit of 6232552?
5
What is the ten thousands digit of 949507?
4
What is the ten thousands digit of 1188545?
8
What is the units digit of 329465?
5
What is the ten millions digit of 17968202?
1
What is the ten thousands digit of 76863?
7
What is the hundred thousands digit of 1301144?
3
What is the hundred thousands digit of 5611634?
6
What is the hundred thousands digit of 232857?
2
What is the hundreds digit of 4989439?
4
What is the ten thousands digit of 22491812?
9
What is the units digit of 241808?
8
What is the tens digit of 142188?
8
What is the hundreds digit of 